= 11 - 151. What is the units digit of o?
8
Let m(h) be the second derivative of -2*h + 0 - 1/2*h**2 + 1/20*h**5 + h**3 - 5/12*h**4. What is the units digit of m(4)?
7
Suppose -25 = l - 6*l. What is the units digit of (-3 - -5)/(2/l)?
5
Suppose -3*o = 15, -196 = 8*y - 4*y + 4*o. Let n = y - 16. What is the units digit of ((-6)/(-5))/((-18)/n)?
4
Let o(f) = 2*f + 15. What is the units digit of o(7)?
9
Suppose -2*s = -10 - 50. Let m = -16 + s. What is the tens digit of m?
1
Suppose k - 21 = 2*s + 100, 560 = 5*k - s. What is the hundreds digit of k?
1
Let i(f) be the third derivative of -f**5/40 - f**4/12 + f**3/3 + f**2. Let n(t) be the first derivative of i(t). What is the units digit of n(-3)?
7
Suppose 0 = 2*x + x - 105. What is the tens digit of x?
3
Suppose 5*n = 4*p - 52, 5 + 7 = -3*n. Let a be 4/((-4)/(-26) + 0). What is the units digit of (-1 + a/p)*4?
9
Let c(q) = q**3 + 4*q**2 - 8*q - 7. Let u be c(-5). Suppose -l + u = -4. Suppose 3*z + z = l. What is the units digit of z?
3
What is the units digit of ((-1 - -1) + 1)/(31/1457)?
7
Suppose 3*w + 1 - 10 = 0. Suppose -2*h - w*h + 30 = 0. What is the units digit of 1/(-1) - (0 - h)?
5
Suppose 0 = -3*z + 17 + 73. What is the units digit of 14*(z/(-14) - -3)?
2
Let w(q) = -q**3 - 3 + 6*q**2 + 3 - 5*q + 0*q**3. Let y be w(5). What is the units digit of (y + 4)/((-2)/(-3))?
6
Suppose 4*g - 26 = -x - 0*x, -x + 3*g + 12 = 0. What is the units digit of ((-5)/2)/(-5)*x?
9
Let z be 1/(-4) - (-2)/8. Suppose z = 2*l - 3 - 39. Let h = l - 11. What is the tens digit of h?
1
Suppose -87 + 19 = -g. What is the tens digit of g?
6
Suppose 24 = -0*d - 3*d. Let z = d - -14. What is the units digit of (-14 - -2)*z/(-9)?
8
Let v be (18/10)/(18/30). Suppose v*g = -g, 0 = 5*p - 3*g - 100. What is the tens digit of p?
2
What is the units digit of (-531)/(-4) + 19/76?
3
Suppose 3*t - 2*z = -2 - 15, -2*t = -z + 12. Let h = -4 - t. Suppose 26 = h*d - j, -4*d - 3*j = -0*d - 39. What is the units digit of d?
9
What is the units digit of 2/3*(3492/8)/3?
7
Let t be (1 - 2) + -11 - 1. Let y = t - -33. What is the units digit of y?
0
Suppose -7 = -5*o + 13. What is the units digit of (-2)/o*-2 - -10?
1
Let r = 2 - -4. Suppose -r*t = -4*t. Let u(s) = -s**2 - s + 16. What is the tens digit of u(t)?
1
Let z(r) be the first derivative of r**3/3 - r**2 + 2. Let x = 2 + -4. What is the units digit of z(x)?
8
Let z = 39 + 11. Suppose -m = 2*m + 5*y + z, 0 = 4*m - y + 82. What is the units digit of 45/m*(-16)/6?
6
Let o = 54 - 12. Suppose l + l - o = 4*u, -5*l = u - 160. What is the units digit of l?
1
Let m = 399 - 146. What is the hundreds digit of m?
2
Let h be 4/14 - (-14)/(-49). Suppose o + 41 = 2*q, -q = -5*q + 4*o + 84. Suppose f - q = -h*f. What is the tens digit of f?
2
Let l = -29 - 1. Let m = -12 - l. Suppose -f + z + 11 = -z, -4*z - m = 2*f. What is the units digit of f?
1
Suppose 0*n + 4*a - 539 = -5*n, 5*n + 3*a = 538. What is the tens digit of n?
0
Suppose -3*m - 9 = 3*j, 0 = 3*j + 3*m - 4*m + 9. Let d = 0 - j. Suppose -44 = -d*n - 14. What is the tens digit of n?
1
Let y = 53 + -21. What is the units digit of y?
2
Suppose 0 = -7*y - 323 + 1625. What is the hundreds digit of y?
1
Suppose -c - 2*a = -10, 1 + 4 = 5*a. Let k = -5 + c. Suppose k*x - 4*o = 4*x - 24, x + o - 12 = 0. What is the units digit of x?
8
What is the hundreds digit of (76/(-3) + -2)*-6?
1
Suppose 2*q - r + 163 = 6*q, -3*r + 27 = q. What is the tens digit of q?
4
Let b be (-2)/((10/4)/(-5)). Let k = -2 - -5. Let h = b - k. What is the units digit of h?
1
Suppose -3*y - 134 = -8*y + 2*a, 2*y - 2*a = 56. Suppose 0 = 7*k - 5*k - y. What is the tens digit of k?
1
Let f(k) = k**3 - 16*k**2 - 5*k + 6. What is the hundreds digit of f(17)?
2
Let q = 295 - 142. What is the hundreds digit of q?
1
Let d(z) = -z**3 - z + 4. Suppose 0 = 5*c + w + 3 - 5, c - 2*w = -4. Let m be d(c). Suppose 4*y - 2*y = m. What is the units digit of y?
2
Suppose -x + 162 = -l - 45, -793 = -4*x - 3*l. What is the tens digit of x?
0
Let m(w) = 6 - 6*w**2 - w**3 - 2*w + 0*w**3 + 2*w. Let h be m(-6). Suppose h = b - 11. What is the tens digit of b?
1
Let j = -10 - -14. Suppose -j*p + 27 = -1. What is the units digit of (-27)/(((-63)/6)/p)?
8
Let w(n) = n**2 + 9*n - 6. Let m be w(-9). Let f(u) = -u**2 - 2*u - 9 - 6*u + 2. What is the units digit of f(m)?
5
Suppose 2*n + 4*p + 10 = 96, 0 = -3*n + 3*p + 93. What is the tens digit of n?
3
Let m(n) = -8*n**2 - n + 1. Let h be m(1). Let t = -3 - h. Let p = -3 + t. What is the units digit of p?
2
Let v be 15/(4 - 1) + 3. Let h(o) = 9*o - v*o**2 + 1 + 1 + 3*o**3 - 9 - 2*o**3. What is the units digit of h(7)?
7
Let r = 105 - 28. What is the tens digit of r?
7
Suppose 5*k = 2*i + 3 + 7, 5*k = -2*i + 30. Suppose -5*y + 3*y - 80 = -k*l, -3*l = 3*y - 69. What is the tens digit of l?
2
Suppose -4*t + 25 - 5 = 0. Let m(s) = s**2 - 2. What is the tens digit of m(t)?
2
Let g(r) = -8*r + 24. What is the units digit of g(-7)?
0
What is the tens digit of (-284)/(-6)*(-4 - 77/(-14))?
7
Let f(q) = q**2 + 11*q + 18. What is the tens digit of f(-13)?
4
Let t(z) = z - 2. Suppose 5*r = r + 16. Let c be t(r). Suppose -c*k + 12 = l + l, 2*l - 3*k = 32. What is the units digit of l?
0
Let z = 22 + -21. What is the units digit of z?
1
Let h = -14 + 28. What is the tens digit of h - (-1 - -1*3)?
1
Suppose -w + 94 = -5*h, 0 = 5*w - h - h - 378. What is the tens digit of w?
7
Suppose 0 = -4*a + 29 - 1. Suppose 0 = -3*o + 9. Suppose -n - 9 = -3*z + a, -4*n - 10 = -o*z. What is the units digit of z?
6
Suppose -2*f + 6 = -6. Suppose 4*j = f*j - 94. What is the tens digit of j?
4
Let v(m) = m**2 + 3*m - 2. Let r be v(-4). What is the units digit of (7/2)/(r/4)?
7
Let z be (-1)/((10/4)/(-5)). Let k = z + -6. What is the units digit of (-22)/k + 5/(-10)?
5
Let l(a) = a**3 - 3*a**2 - 5*a - 1. Let g be l(4). Let v be (1 - 1) + (2 - g). Suppose 4*p - 4*w = 36, -v*p - 5*w + 45 = -3*p. What is the units digit of p?
0
Suppose 3*f + 3*j = 24, 4*f = -3*j + 21 + 7. Let h be 65/(-20) + 2/8. Let i = f + h. What is the units digit of i?
1
Suppose 1 = 4*m - 7. Let i be 1/((-27)/15 + m). Suppose 0 = -4*d + 8, -4*b = -i*d + 5 + 1. What is the units digit of b?
1
Let g = 35 - 9. What is the units digit of g?
6
Let m(v) = -3*v - 1. What is the units digit of m(-16)?
7
Suppose -l + 5*l - 104 = 0. Suppose 5*x - 3*f = l + 25, -x - 2*f + 18 = 0. What is the units digit of x?
2
Let c = 15 + -2. What is the units digit of c?
3
Suppose -g = 2*g + 3*w - 225, -235 = -3*g + 2*w. What is the units digit of g?
7
Let a be -1 + 2 - (0 - -3). Let j = -1 - a. What is the units digit of j?
1
Let s(f) = 6*f**3 + 6*f**2 - 2*f + 5. Let h(v) = 5*v**3 + 6*v**2 - 2*v + 4. Let y(a) = 7*h(a) - 6*s(a). What is the units digit of y(4)?
2
Let u be (3 + -1)*22 - 3. Suppose 6 - u = -v. What is the tens digit of v?
3
Let u(j) = 3*j - 6*j + 0*j. Let p be u(2). What is the units digit of ((-4)/p)/(1/6)?
4
Let x(j) = j**3 + 7*j**2 + 7*j + 2. Let i be x(-6). What is the tens digit of 0/((-4)/i) - -22?
2
Let b = -27 - -41. What is the units digit of 6/(-14) + 76/b?
5
Let p = -93 + 259. What is the units digit of p?
6
Suppose 7*u + 4 = 6*u. What is the tens digit of 37 + u*4/8?
3
Let y = -3 + 3. Let v = -13 - -32. Suppose r - 6*r - 20 = y, 5*r = -k - v. What is the units digit of k?
1
Let u be (9/18)/((-1)/(-2)). Suppose 6*g = 5*g + 11. Let v = g + u. What is the units digit of v?
2
Let q(c) = 2*c - 15. Let k be q(10). Let n(g) = g**2 - 4*g + 7. What is the tens digit of n(k)?
1
Suppose 2*c - 156 = 70. What is the hundreds digit of c?
1
Suppose 0 = 4*p - 8, 93 = n - 4*p - 114. Suppose 6*z - n = -83. What is the tens digit of z?
2
Let g = 81 - 51. Suppose 0 = 2*i + 2 - g. What is the units digit of i?
4
Let h = -9 - -11. Suppose -t + 11 = h*c, 0 = -4*c + 2*t - 7*t + 13. What is the units digit of c?
7
Let z be -4*(1 + (-5 - -3)). Suppose 0 = z*d - 16, 0 = k + k - 5*d - 22. What is the tens digit of k?
2
Suppose 0 = -v - 4*r - 16, 6 = -2*v - r + 2. Suppose -11 - 9 = -2*b + 3*g, v = -4*b + 4*g + 44. What is the units digit of b?
3
Let y = -6 - -8. Suppose -d + 11 = -y. Let v = 21 - d. What is the units digit of v?
8
Let i be 6/(1/((-6)/(-9))). Suppose y - 2*y + i = 0. What is the units digit of y?
4
Let z(m) = m**3 - 4*m